4*c + 7*m + 12, -5*c - 2*m = 27. Let q(g) = g**2 + 3*g - 26. What is q(c)?
2
Suppose 3*k - 41 = -x, -x + 32 = k + 3*x. Let p be (-100)/(-24) - 2/k. Let y(m) = -p + m + 9 - 3. Give y(-2).
0
Let f(q) = q**3 - 7*q**2 + 13*q - 37. Let d(b) = -b**3 + 3*b**2 + 191*b - 567. Let x be d(3). What is f(x)?
5
Suppose 48*z - 2*p = 94 + 162, 0 = -z + 3*p + 29. Let d(u) be the first derivative of -u**4/4 + 5*u**3/3 - u**2 - 4*u + 1. Calculate d(z).
-14
Let o(k) = -23*k**2 - 4*k - 2. Let n(d) = 2369*d**2 + 414*d + 207. Let c(v) = -2*n(v) - 207*o(v). Calculate c(-1).
23
Let y(h) be the third derivative of -h**6/120 + h**5/12 - h**3/3 + 3*h**2. Let n be (3/(-1))/((-1230)/2050). What is y(n)?
-2
Let a(n) = 0*n**3 - 8*n**2 - n**2 + n - 8*n + 1 - n**2 + n**3. What is a(11)?
45
Let v = 4 + -4. Suppose 2*j + 2*j - 2*y - 8 = v, 2*y + 6 = 3*j. Let c(q) = -13*q**3 - 20*q**3 + 57*q**3 - 25*q**3 - q - 1. Determine c(j).
-11
Let j be -1*(-1 - 0 - 2). Suppose -8 - 2 = j*k + q, -2 = k - q. Let c(y) = 8*y + 8*y + 4*y**2 + 3 - 6*y**2 - 53*y + 2*y + 32*y. What is c(k)?
-6
Let a(z) = 4*z + 2. Let f(b) = -27. Let m(s) = a(s) + f(s). Calculate m(4).
-9
Suppose 102*x - 546 = -138. Let y(f) = -2*f**2 + 5*f + 9. Let b(l) = l**2 - l - 5 + 0 - l. Let d(o) = -7*b(o) - 4*y(o). Give d(x).
-9
Let l(w) be the second derivative of 9/2*w**2 + 2*w - 1/6*w**3 + 0. Suppose 0 = 77*f - 362 - 100. Calculate l(f).
3
Let k(n) = -n**3 - 13*n**2 + 5*n - 129. Let t be k(-14). Let x be (72/(-20))/(6/(-15)) - t. Let l(q) = -q**2 + 11*q + 16. Give l(x).
4
Let t(a) = -2*a**2 - 2*a - 3. Let w be t(-1). Let l(q) = -3*q**2 + 8*q - 2. Let d(j) = j**2 - 3*j + 1. Let s(c) = w*l(c) - 8*d(c). Determine s(-4).
14
Let o(r) be the third derivative of r**4/24 - r**3/6 - 2*r**2. Let g = -59 + 59. Let j be g + (-212)/(-68) + (-6)/51. Calculate o(j).
2
Let n be -8 - (6 - (-12 - -13)). Let m(g) = -3 - 2 - 3 - g. Let t be m(n). Let p(h) = -h**2 + 6*h + 5. Give p(t).
10
Let a(s) = -28*s - 18*s + 3 + 63*s - 20*s - 9. Give a(14).
-48
Let n(u) = 2*u + 19. Let f(i) = i + 10. Let o(a) = -5*f(a) + 3*n(a). Let v be o(-7). Let w(t) = -t**2 + 1. Determine w(v).
1
Let y(a) = 16*a - 3. Let d(t) = -11*t + 2. Let r(k) = 7*d(k) + 5*y(k). Let q be ((-56)/20 - 2) + (-3 - 28/(-10)). Give r(q).
-16
Suppose 3*j + 2*z = 7*z + 22, -5*j + 2*z = -5. Let x(w) be the first derivative of 77 - 2*w**2 + 45 + 96 - 8 - w. What is x(j)?
3
Let d be (-8 + 2)*(-2)/12*2. Let s(c) = 47*c + 4 - c**d - 56*c + 3*c**2. Let y(p) = -4*p - 18. Let g be y(-6). Determine s(g).
22
Let v(j) = 105*j - 2. Let c(k) = -300*k + 10. Let p(a) = -6*c(a) - 17*v(a). Calculate p(2).
4
Let a(x) = -6*x**2 - 24*x - 1. Let c(w) = 7*w**2 + 53*w - 1. Let m(z) = -3*a(z) - 2*c(z). Determine m(9).
23
Let q(y) = 7*y - 2. Let t(d) = -13*d + 3. Suppose 0 = 3*v + 13 + 8. Let z(m) = v*q(m) - 4*t(m). Suppose 77 - 176 = 33*n. What is z(n)?
-7
Let m(s) = 20*s - 2027. Let k be m(101). Let w(d) = -d - 43. Determine w(k).
-36
Suppose r - 11 = 3*q - 0*q, -9 = 3*q. Let d(j) be the third derivative of 3*j**4/4 + j**3/6 - 204852*j**2. Determine d(r).
37
Let c(p) be the third derivative of -p**4/12 - p**3/6 + 740*p**2 + 2. Let u(m) = 3*m - 1. Let k be (2/4)/((-1)/(-4)). Let v be u(k). Determine c(v).
-11
Suppose -19*f - 12 = -16*f. Let x(a) = 20 + 4*a - 25*a**3 - a**2 + 13*a**3 + 11*a**3 - 14. Give x(f).
38
Let b(t) = -t**3 - 4*t**2 - 2*t - 2. Let i(u) be the second derivative of -11*u**3/3 + 3*u**2 + 28*u. Let h be i(-1). Suppose -13 = -5*m - h. Give b(m).
-5
Let q(p) = -p**2 + p + 2. Let c be (-4728)/(-152) + (-59)/19 + 3. Suppose -11 - 51 = -c*z. Give q(z).
0
Let m(c) = -c**3 + c**2. Let v be m(0). Let z(n) = 3 - 7 + 3 + n**2 + v - 3*n. Let b be 5*(-2)/(-5) - -2. Give z(b).
3
Let x(z) be the first derivative of z**4/4 + 3*z**3 + 4*z**2 + 12*z - 1. Let l(f) = -15*f - 60. Let g be l(-20). Let u be g/(-100)*(-10)/(-3). Determine x(u).
12
Let z(q) be the second derivative of -q**5/20 - q**4/3 - 2*q**2 + 994*q - 1. Give z(-3).
-13
Let f be -54*2*(-4)/12. Suppose -5*l + 94 + f = 0. Suppose 0 = -5*q - 3*u + 29, 5*q - l = -2*u + 5. Let x(m) = -m + 14. Give x(q).
7
Let k(i) = 4*i - 45. Suppose -4*f + 38 = 2*t, -60 = -44*t + 39*t - 3*f. Give k(t).
-9
Let x(o) = o**3 + 6*o**2 + 1. Let d = -122 + 126. Let b be 10/(-25)*14 - d/10. Determine x(b).
1
Let f(j) = -194*j + 242. Let w(u) = -364*u + 483. Let x(t) = 5*f(t) - 3*w(t). Determine x(2).
5
Let h(r) be the second derivative of -5 - 1/20*r**5 - r**3 - 8*r + 1/3*r**4 + 3/2*r**2. Give h(4).
-21
Let u(p) = -p**2 + p + 1. Let y be ((-2)/((-8)/(-61)))/(9/36). Let t = 77 + y. Suppose -t = 7*b - 3*b. What is u(b)?
-19
Let o(p) = -27 + 68*p + 57*p - 116*p + 3. Let h be o(15). Let d = 103 - h. Let x(r) = -r**2 - 5*r + 9. What is x(d)?
-15
Let g be (-8)/(-3) + (-5)/(-15). Let c = -130 - -132. Let s(i) = -3*i + 2 + 3*i**c - 5*i + 4*i - i. What is s(g)?
14
Let w(g) be the first derivative of 11*g**3/3 - g**2 - 7*g + 2094. What is w(3)?
86
Let j(m) = -21603 - 2*m**2 + 10802 + 10799 + 8*m. Determine j(9).
-92
Let x(j) = -2*j + 36. Let o(w) = -6*w + 106. Let n(b) = -4*o(b) + 11*x(b). Calculate n(17).
6
Let d be 884/(-272) + (-2)/(-8). Let t(b) be the third derivative of b**5/60 + b**4/4 + b**3/2 + 24*b**2. What is t(d)?
-6
Let z = -248 + 244. Let g be 6/8 + (31/z)/1. Let f(s) = s + 3. What is f(g)?
-4
Let h(q) = -11*q - 18. Let x(v) = -v + 2. Let w(u) = h(u) - 3*x(u). Give w(8).
-88
Let z(u) = -11*u**2 - 7*u + 18. Let v be z(3). Let q = v + 104. Let t(d) = 5*d**2 + 6*d**q - 4 + 2 - 8*d**2. Determine t(2).
10
Let n = -77 + 71. Let h be ((-4)/n)/((-40)/180). Let w(r) = -8*r - 3. Determine w(h).
21
Let l(b) = 7*b**2 + 24*b - 61. Let c be l(-6). Let p(f) = 3*f - 138. What is p(c)?
3
Let r(u) be the third derivative of -u**6/720 - u**5/24 - 7*u**4/24 + 5*u**3/3 + 8*u**2 + 3. Let q(a) be the second derivative of r(a). What is q(8)?
-13
Let d(t) = 9*t**3 - 4*t**2 - 11*t + 10. Let q(o) = -19*o**3 + 10*o**2 + 25*o - 22. Let f(j) = 7*d(j) + 3*q(j). Determine f(2).
56
Let c(o) be the first derivative of 1/2*o**2 + 139 + 0*o. Let j be (-4*1)/(2/3). What is c(j)?
-6
Let k = 26125 - 26121. Let v(a) = 29*a + 12. What is v(k)?
128
Suppose 0 = h + 5, -5*u + 6*h + 40 = h. Suppose -3*r + 4*r - 2*y = -5, 2*y - 15 = u*r. Let q(l) = -l**3 - 5*l**2 + 5*l - 2. Determine q(r).
-27
Let k(a) = 15 + a - 3*a + 0. Let f(q) = 1221*q - 194127. Let w be f(159). Calculate k(w).
-9
Let n(f) = -3*f**2 + 7*f. Let d = -5338 + 5343. Give n(d).
-40
Suppose 4*d + 32 = -5*p, 34 + 1 = 3*d - 11*p. Let b(u) = 9*u + 1. Let k(l) = -9*l. Let y(m) = 2*b(m) + 3*k(m). Determine y(d).
29
Let a(s) be the third derivative of 0*s**3 + 0 - 6*s**2 - 1/12*s**4 + 0*s - 1/60*s**5. Let k = 91 - 93. Calculate a(k).
0
Let a(l) be the second derivative of -10*l - 1/6*l**3 - 1/12*l**4 + 3/2*l**2 + 4. Give a(-3).
-3
Let b(m) = -5*m - 23. Suppose -21 = 3*v, 185*v + 31 = 2*k + 180*v. Calculate b(k).
-13
Let f(l) = -7*l - 34. Suppose -27 = 2*v + v. Let c be f(v). Let m(u) = -22 - u - 2*u + c. Determine m(5).
-8
Suppose 3*o = -5*z - 53, 24 = -4*o + 3*z + 2*z. Let q = -300 + 357. Let i(t) = 6*t**2 + 50*t**2 + 3 - 11*t - q*t**2. Give i(o).
3
Let m(a) = -5*a - 81. Let r(n) = -n + 16. Let y(t) = m(t) + 6*r(t). Calculate y(4).
-29
Suppose 0 = -132*d + 74 - 470. Let o(f) = f**2 + f + 2. Determine o(d).
8
Let n(h) = -5*h**2 - 11*h - 11. Let y(t) = -4*t**2 - 8*t - 9. Let g(m) = -5*n(m) + 6*y(m). Suppose -2*c = -5*c - 3. Let k be c/2*(14 - 0). Calculate g(k).
1
Let v(t) = 9*t**3 - 3*t**2 - 4*t. Suppose -3*l - 31*k + 7 = -33*k, 0 = -k - 5. Determine v(l).
-8
Let w(t) be the first derivative of -t**3/3 + 5*t**2/2 - 3*t - 25. Let f be (-210)/63 + (-4)/6. Let l be (-10)/(-2) + f/2. Determine w(l).
3
Let d = 1416 + 124. Let t be 4/18 + d/198. Let a(x) = -6 + 4 - 5 + x + 3. Give a(t).
4
Let v(f) = -3*f**2 + 56*f - 41. Let d be v(17). Suppose 53*l - 18 = d*l. Let t(q) = 6*q**2 - 3*q. Determine t(l).
18
Let n(z) = z**2 - 6*z + 3. Let t be n(5). Suppose -4 = -g - x, 7*g - 3*g - 3*x = -12. Let f(o) = -o**2 - 6 + 10 - 3 + g*o**2. Give f(t).
-3
Suppose -16*w - 7*w - 69 = 0. Let m(v) = -v**2 - 3*v - 5. Let p(t) = -2*t**2 - 4*t - 6. Let z(k) = -3*m(k) + 2*p(k). Give z(w).
-9
Let n be (-2)/(-8) + (-475)/(-20). Suppose -3*a = -2*a - n. Suppose 4*h = 4*t + 16, -2*h = 